*z**3/3 - 10*z**2 + 2. Let p = -4 + 10. Let h be c(p). What is the highest common divisor of h and 7?
7
Suppose 8*l + 18 = 14*l. Suppose -5*p = -n + 51, -35 = -2*n - l*p + 2. Calculate the highest common divisor of n and 234.
26
Suppose 45*r - 50*r = -85. Calculate the highest common divisor of 2 and r.
1
Suppose -168 = -391*w + 389*w. Let d(f) = -4*f - 5*f + f**3 - 6*f**2 + 5*f**2 + 8*f**2 + 4. Let v be d(-8). Calculate the highest common divisor of v and w.
12
Let k(m) = 405*m - 5. Let p be k(3). Suppose 7*r - 2*r = p. Suppose t - 19 = -3*j, -33 = 5*t - j - 144. Calculate the greatest common factor of r and t.
22
Let m be 75/4*(-50 - -122). What is the greatest common divisor of 54 and m?
54
Suppose -2*z - 3*z + 40 = 0. Suppose 4*g + z*n - 54 = 3*n, 5*g - 49 = 3*n. Let w = 79 - 2. Calculate the highest common divisor of w and g.
11
Let u(m) = -2*m**3 - 2*m**2 - 3*m - 3. Let s be u(-3). Let a be 1788/s*(8 + -1). Let i = -193 + a. What is the greatest common factor of 42 and i?
21
Let h = 79 - 29. Let i be (240/75)/(2/h). What is the greatest common divisor of 10 and i?
10
Suppose -11*i + 1932 = -5*i. Let r = i - 201. What is the greatest common factor of r and 11?
11
Suppose 4*g = -z - 11 + 7, 3*g + 33 = 3*z. Calculate the highest common factor of z and 256.
8
Let n = -285 - -336. Calculate the greatest common factor of 136 and n.
17
Suppose -5*r + 4*f + 1076 - 267 = 0, 2*r = -f + 334. Suppose -3*c - 5*d = -130, 0 = -0*c - 4*c - 5*d + r. Calculate the greatest common factor of 10 and c.
5
Let f = 45 + -30. Let r be (16 - 4)/(10/f). Let d(t) = t + 6. Let p be d(0). What is the greatest common divisor of r and p?
6
Let x be 16/6 - 1/(-3). Suppose 336*s = 302*s - 1632. Let q be 6/x*s/(-6). What is the highest common factor of 32 and q?
16
Suppose 215 - 2371 = -28*i. Calculate the highest common factor of 407 and i.
11
Let k = -10 + 11. Suppose 2*d + 4*r = -11 - k, -4*r + 2 = -5*d. Let z be -3 + 37 + d/1. What is the greatest common divisor of 8 and z?
8
Let j(i) = 4*i**3 - 2*i**2 + 4*i - 4. Let u be ((-6)/(-8))/(9/36). Let t be j(u). Let p = t + -62. Calculate the highest common factor of 4 and p.
4
Let g = 992 + -154. Let i = g - 541. What is the highest common factor of 27 and i?
27
Let o(y) = 2*y**3 + 2*y**2 + 2*y + 1. Let x be o(-1). Let l be 114/(-285)*((-1)/x + -126). Calculate the greatest common divisor of 10 and l.
10
Suppose -4*j + 8 = -0*j. Let x = j + -8. Let n(m) = -2*m + 2. Let u be n(x). What is the highest common factor of u and 35?
7
Let g(o) = o**3 + o**2 + o + 108. Let t be g(0). Let w(k) = -5*k - 26. Let s be w(-22). Suppose -2*b + 9*b = s. What is the greatest common divisor of b and t?
12
Suppose 36 = -5*q + 141. Let p be (-28)/q + (-98)/(-6). Suppose 0 = 5*w + p, 5*m - 4*w + w = 359. Calculate the greatest common divisor of m and 28.
14
Suppose 7*x - 2*x = 2*b + 108, -2*b = 2*x - 32. Suppose -43 = -3*n - 10. Suppose n*y + x = 16*y. What is the greatest common factor of 36 and y?
4
Suppose 0 = 4*n - 2*h - 294, -87 = -4*n - 5*h + 228. What is the highest common divisor of 3 and n?
3
Suppose -7*f + 14 = -5*f. Let g(w) = -w**2 + 11*w - 15. Let z be g(f). Let l(h) = h + 104. Let j be l(0). What is the highest common divisor of j and z?
13
Let m(v) = -57*v + 1. Let n be m(-1). Let d = -40 + n. What is the greatest common divisor of d and 27?
9
Let a be -3*(-34 - -2) - 1. Let q be 3/15 + (-328)/(-10) + 5. What is the highest common factor of q and a?
19
Let n(q) = q**3 + 3*q + 2. Let r be n(0). Suppose 95 = y + 4*i, -r*y + 4*i + 285 = y. What is the highest common divisor of 5 and y?
5
Let m(j) = -6*j. Let q be m(-7). Let u = q + -41. What is the greatest common factor of 7 and u?
1
Suppose 3*n = -9, -5*n - 292 = -4*t - n. Suppose 11*a - t = 9*a. Calculate the highest common factor of a and 14.
7
Let m(r) be the first derivative of r**2/2 + 6*r - 20. Let x be m(2). Calculate the highest common factor of 72 and x.
8
Let y be -6 + 6 + 0 + 24. Calculate the highest common factor of 32 and y.
8
Suppose 0 = -3*f + 4*p + 193, 24*f - 28*f + 264 = -2*p. What is the highest common factor of 268 and f?
67
Let k(r) = 33*r - 6. Let v(n) = -66*n + 11. Let x(c) = -10*k(c) - 6*v(c). Let a be x(1). Calculate the greatest common factor of 15 and a.
15
Let l(c) be the first derivative of c**3/3 - 5*c**2 - 6*c - 10. Let v be l(12). Let r = 87 + 3. Calculate the highest common factor of v and r.
18
Let z(i) = 82*i - 2. Let x be z(-1). Let l be (-2)/(x/76 - -1). What is the highest common divisor of l and 19?
19
Let c(p) be the second derivative of p**5/20 - p**4/2 - 4*p**3/3 + 9*p**2/2 + 8*p. Let r be c(7). Calculate the greatest common divisor of r and 8.
2
Suppose i + 16 = -3*q + 6*q, 5*q = 4*i + 36. Let l be ((-18)/(-4) - q)*(1 - -1). Suppose 5*m = 3 + 52. Calculate the highest common divisor of l and m.
1
Let n be 0 - (-1 - 69)*1. Let r = -99 - -134. Calculate the highest common factor of n and r.
35
Suppose -2*z - 60 = -8*z. Suppose -32 - z = -6*g. What is the greatest common divisor of g and 77?
7
Let r = 294 + -266. Calculate the greatest common factor of 224 and r.
28
Suppose -4*v = -2*f - 1236, 4*v + 7*f - 1222 = 2*f. Let b be (v/6)/(1/3). Calculate the greatest common factor of b and 14.
14
Let g = -272 + 362. What is the highest common factor of g and 9?
9
Let z = -16 - -61. Suppose -w + z = 3*m + 4*w, -w + 60 = 4*m. Suppose 0*i - 2*i + r = -6, -i - 4*r = -3. What is the highest common divisor of i and m?
3
Suppose -4*n = -2*n + 4*o - 4, 4*n + o - 29 = 0. Suppose -3*b - 2*b + 10 = 0. Let d be b/n + 649/44. What is the greatest common divisor of d and 45?
15
Suppose -s - 2*q - 2 = 3*q, -s - 2*q = 11. Let t = -20 - s. Let j be (10/t)/(2/(-96)). What is the greatest common divisor of 20 and j?
20
Let o be (165/10)/(36/768). Calculate the greatest common divisor of o and 32.
32
Let h(x) = 12*x**2 + 44*x + 90. Let a be h(-2). What is the greatest common factor of 10 and a?
10
Let h = 409 - 407. Calculate the greatest common divisor of h and 6.
2
Let k = -101 + 85. Let b be 4/(k/(-75)) + 28/112. Calculate the highest common factor of 76 and b.
19
Let k be 188 - 0/(0 - 4). Calculate the greatest common factor of 12 and k.
4
Let y(r) = 2*r + 2. Let i be y(8). Let q = 909 + -765. Calculate the highest common divisor of i and q.
18
Let c(y) = y**2 + 4*y - 2. Let d be c(-6). Let w = -438 - -548. Calculate the highest common divisor of d and w.
10
Let d = 1085 - 1007. Calculate the greatest common divisor of d and 52.
26
Let m be ((-28)/(-84))/(1/576*3). Calculate the greatest common divisor of 832 and m.
64
Let x = 873 - 341. What is the greatest common factor of 76 and x?
76
Let k(m) = m**2 - 5*m - 5. Let b be k(6). Let s be (8 - (-20 - -10)) + (-8)/(-2). Let t be (1/2)/(b/s). Calculate the greatest common factor of t and 33.
11
Let m(y) = -3*y - 12. Let i(k) = -3*k - 11. Let a(o) = -5*i(o) + 4*m(o). Let f be a(6). Suppose 1 = v - 4. Calculate the highest common divisor of f and v.
5
Let c = 9 + -5. Suppose -4*q - j = -209, -7 = -2*q + c*j + 93. Suppose 0*v + 61 = 5*v - 2*s, 5*v - 4*s - 57 = 0. Calculate the highest common factor of q and v.
13
Suppose -5*p - 387 = -87. Let k = 79 + p. What is the greatest common divisor of k and 152?
19
Let y(g) = g**2 - 28*g + 10. Let i be y(28). Let h = 5 - 2. Let s be 329/h - 2/(-6). Calculate the greatest common factor of i and s.
10
Suppose -18*j + 189 = 3*j. Let v be 2/1*9/6. Suppose 36 = v*i - a, -5*i + 51 = a - j. Calculate the highest common divisor of 108 and i.
12
Suppose 6*r - 61 - 35 = 0. Suppose 2*j - 5 = -f, -2 = -j - 2*f + f. Suppose 0*o = j*o - 6. Calculate the greatest common divisor of o and r.
2
Let q be (133/76 + (-33)/12)*-52. What is the greatest common divisor of 3796 and q?
52
Suppose -3*u = 4 - 13. Suppose x = -2*m - 2, -2*x + m - u*m = 0. Let b be (-135*x)/(-7 + 6). What is the highest common divisor of b and 30?
30
Let l(p) = p**2 - 74*p + 354. Let a be l(69). What is the greatest common divisor of a and 2448?
9
Let z(u) = -u**3 + 11*u**2 - 21*u - 18. Let c be z(6). Calculate the greatest common factor of c and 84.
12
Let l be (2/(-4)*(-42)/3)/1. Let p = l - -12. What is the highest common factor of p and 76?
19
Let q be (2/(-4))/((-23)/966). Calculate the greatest common divisor o